{"id":708,"date":"2025-11-11T12:50:32","date_gmt":"2025-11-11T12:50:32","guid":{"rendered":"https:\/\/www.fundacionsoycomotu.org\/tiendasolidaria\/?post_type=product&#038;p=708"},"modified":"2025-11-11T12:50:32","modified_gmt":"2025-11-11T12:50:32","slug":"periodico-puentes-no9","status":"publish","type":"product","link":"https:\/\/www.fundacionsoycomotu.org\/tiendasolidaria\/producto\/periodico-puentes-no9\/","title":{"rendered":"Peri\u00f3dico PUENTES \/\/ N\u00ba9"},"content":{"rendered":"","protected":false},"excerpt":{"rendered":"<p>Os ofrecemos el n\u00famero 9 del Observatorio en Salud Mental de Fundaci\u00f3n SOYCOMOTU, fruto del trabajo del grupo de activistas de la Fundaci\u00f3n.<\/p>\n<p>Este \u00faltimo n\u00famero aborda la <em>Prevenci\u00f3n del Suicidio<\/em>, \u00a0una situaci\u00f3n en la que se ve relacionada la salud mental. Recoge, entre otros art\u00edculos, una entrevista a la Dra. Loreto Medina, experta en estrategias de prevenci\u00f3n del suicidio; una gu\u00eda de ayuda para familiares de personas con conductas suicidas, as\u00ed como testimonios en primera persona, entre otros muchos art\u00edculos.<\/p>\n<p>24 p\u00e1ginas a color en papel reciclado.<\/p>\n","protected":false},"featured_media":711,"template":"","meta":[],"product_cat":[19],"product_tag":[],"class_list":["post-708","product","type-product","status-publish","has-post-thumbnail","hentry","product_cat-papeleria"],"_links":{"self":[{"href":"https:\/\/www.fundacionsoycomotu.org\/tiendasolidaria\/wp-json\/wp\/v2\/product\/708","targetHints":{"allow":["GET"]}}],"collection":[{"href":"https:\/\/www.fundacionsoycomotu.org\/tiendasolidaria\/wp-json\/wp\/v2\/product"}],"about":[{"href":"https:\/\/www.fundacionsoycomotu.org\/tiendasolidaria\/wp-json\/wp\/v2\/types\/product"}],"wp:featuredmedia":[{"embeddable":true,"href":"https:\/\/www.fundacionsoycomotu.org\/tiendasolidaria\/wp-json\/wp\/v2\/media\/711"}],"wp:attachment":[{"href":"https:\/\/www.fundacionsoycomotu.org\/tiendasolidaria\/wp-json\/wp\/v2\/media?parent=708"}],"wp:term":[{"taxonomy":"product_cat","embeddable":true,"href":"https:\/\/www.fundacionsoycomotu.org\/tiendasolidaria\/wp-json\/wp\/v2\/product_cat?post=708"},{"taxonomy":"product_tag","embeddable":true,"href":"https:\/\/www.fundacionsoycomotu.org\/tiendasolidaria\/wp-json\/wp\/v2\/product_tag?post=708"}],"curies":[{"name":"wp","href":"https:\/\/api.w.org\/{rel}","templated":true}]}}