{"id":464,"date":"2023-10-02T07:38:42","date_gmt":"2023-10-02T07:38:42","guid":{"rendered":"https:\/\/www.fundacionsoycomotu.org\/tiendasolidaria\/?post_type=product&#038;p=464"},"modified":"2023-11-27T12:10:13","modified_gmt":"2023-11-27T12:10:13","slug":"recetario-no-cuentes-calorias-2023-%c2%b7-beatriz-lopez-morales","status":"publish","type":"product","link":"https:\/\/www.fundacionsoycomotu.org\/tiendasolidaria\/producto\/recetario-no-cuentes-calorias-2023-%c2%b7-beatriz-lopez-morales\/","title":{"rendered":"Recetario &#8220;No cuentes calor\u00edas&#8221;, 2023 \u00b7 Beatriz L\u00f3pez Morales"},"content":{"rendered":"<p><a href=\"https:\/\/www.fundacionsoycomotu.org\/tiendasolidaria\/wp-content\/uploads\/2023\/10\/4.jpg\"><img loading=\"lazy\" decoding=\"async\" class=\"alignnone size-full wp-image-468\" src=\"https:\/\/www.fundacionsoycomotu.org\/tiendasolidaria\/wp-content\/uploads\/2023\/10\/4.jpg\" alt=\"\" width=\"1024\" height=\"768\" srcset=\"https:\/\/www.fundacionsoycomotu.org\/tiendasolidaria\/wp-content\/uploads\/2023\/10\/4.jpg 1024w, https:\/\/www.fundacionsoycomotu.org\/tiendasolidaria\/wp-content\/uploads\/2023\/10\/4-300x225.jpg 300w, https:\/\/www.fundacionsoycomotu.org\/tiendasolidaria\/wp-content\/uploads\/2023\/10\/4-768x576.jpg 768w, https:\/\/www.fundacionsoycomotu.org\/tiendasolidaria\/wp-content\/uploads\/2023\/10\/4-920x690.jpg 920w, https:\/\/www.fundacionsoycomotu.org\/tiendasolidaria\/wp-content\/uploads\/2023\/10\/4-575x431.jpg 575w, https:\/\/www.fundacionsoycomotu.org\/tiendasolidaria\/wp-content\/uploads\/2023\/10\/4-380x285.jpg 380w, https:\/\/www.fundacionsoycomotu.org\/tiendasolidaria\/wp-content\/uploads\/2023\/10\/4-420x315.jpg 420w, https:\/\/www.fundacionsoycomotu.org\/tiendasolidaria\/wp-content\/uploads\/2023\/10\/4-800x600.jpg 800w\" sizes=\"auto, (max-width: 1024px) 100vw, 1024px\" \/><\/a><a href=\"https:\/\/www.fundacionsoycomotu.org\/tiendasolidaria\/wp-content\/uploads\/2023\/10\/3.jpg\"><img loading=\"lazy\" decoding=\"async\" class=\"alignnone size-full wp-image-469\" src=\"https:\/\/www.fundacionsoycomotu.org\/tiendasolidaria\/wp-content\/uploads\/2023\/10\/3.jpg\" alt=\"\" width=\"1024\" height=\"768\" srcset=\"https:\/\/www.fundacionsoycomotu.org\/tiendasolidaria\/wp-content\/uploads\/2023\/10\/3.jpg 1024w, https:\/\/www.fundacionsoycomotu.org\/tiendasolidaria\/wp-content\/uploads\/2023\/10\/3-300x225.jpg 300w, https:\/\/www.fundacionsoycomotu.org\/tiendasolidaria\/wp-content\/uploads\/2023\/10\/3-768x576.jpg 768w, https:\/\/www.fundacionsoycomotu.org\/tiendasolidaria\/wp-content\/uploads\/2023\/10\/3-920x690.jpg 920w, https:\/\/www.fundacionsoycomotu.org\/tiendasolidaria\/wp-content\/uploads\/2023\/10\/3-575x431.jpg 575w, https:\/\/www.fundacionsoycomotu.org\/tiendasolidaria\/wp-content\/uploads\/2023\/10\/3-380x285.jpg 380w, https:\/\/www.fundacionsoycomotu.org\/tiendasolidaria\/wp-content\/uploads\/2023\/10\/3-420x315.jpg 420w, https:\/\/www.fundacionsoycomotu.org\/tiendasolidaria\/wp-content\/uploads\/2023\/10\/3-800x600.jpg 800w\" sizes=\"auto, (max-width: 1024px) 100vw, 1024px\" \/><\/a><\/p>\n","protected":false},"excerpt":{"rendered":"<p>Libro de recetas sobre el cuidado de la salud mental y f\u00edsica, ya que contiene tanto recetas para el p\u00fablico en general como planes espec\u00edficos de dietoterapia en los que adapta la dieta mediterr\u00e1nea a diversas patolog\u00edas como la anemia, el c\u00e1ncer o la diabetes.<\/p>\n<p>SOBRE LA AUTORA: <em><strong>Beatriz L\u00f3pez Morales<\/strong><\/em>, dietista y voluntaria de Fundaci\u00f3n SOYCOMOTU.<\/p>\n<p>109 p\u00e1ginas.<\/p>\n<p>Editorial Punto Rojo Libros.<\/p>\n","protected":false},"featured_media":465,"template":"","meta":[],"product_cat":[20],"product_tag":[],"class_list":["post-464","product","type-product","status-publish","has-post-thumbnail","hentry","product_cat-publicaciones"],"_links":{"self":[{"href":"https:\/\/www.fundacionsoycomotu.org\/tiendasolidaria\/wp-json\/wp\/v2\/product\/464","targetHints":{"allow":["GET"]}}],"collection":[{"href":"https:\/\/www.fundacionsoycomotu.org\/tiendasolidaria\/wp-json\/wp\/v2\/product"}],"about":[{"href":"https:\/\/www.fundacionsoycomotu.org\/tiendasolidaria\/wp-json\/wp\/v2\/types\/product"}],"wp:featuredmedia":[{"embeddable":true,"href":"https:\/\/www.fundacionsoycomotu.org\/tiendasolidaria\/wp-json\/wp\/v2\/media\/465"}],"wp:attachment":[{"href":"https:\/\/www.fundacionsoycomotu.org\/tiendasolidaria\/wp-json\/wp\/v2\/media?parent=464"}],"wp:term":[{"taxonomy":"product_cat","embeddable":true,"href":"https:\/\/www.fundacionsoycomotu.org\/tiendasolidaria\/wp-json\/wp\/v2\/product_cat?post=464"},{"taxonomy":"product_tag","embeddable":true,"href":"https:\/\/www.fundacionsoycomotu.org\/tiendasolidaria\/wp-json\/wp\/v2\/product_tag?post=464"}],"curies":[{"name":"wp","href":"https:\/\/api.w.org\/{rel}","templated":true}]}}